et m(s) = 3*s**3 + 186*s**2 + 55*s + 450. Determine m(-62).
-2960
Let m(f) = 5279*f + 490935. Determine m(-93).
-12
Let f(z) = z**3 - 49*z**2 - 792*z + 35169. Give f(51).
-21
Let l(a) = 81*a + 4606. Determine l(-58).
-92
Let c(q) = -123*q**2 - 9111*q - 661. Give c(-74).
5
Let l(z) = 9*z**2 + 461*z - 66363. Determine l(64).
5
Let y(t) = -7*t**3 + 326*t**2 + 982*t - 4. Give y(-3).
173
Let q(s) = 29*s**2 - 1114*s - 5841. What is q(43)?
-122
Let z(l) = -248*l**3 + 7*l**2 - 210*l + 203. Determine z(1).
-248
Let c(p) = 2*p**2 - 421*p + 4047. Give c(10).
37
Let d(m) = 5362*m - 707796. Calculate d(132).
-12
Let o(x) = x**3 + 67*x**2 + 898*x - 873. What is o(-20)?
-33
Let y(h) = -h**3 + 16*h**2 - 52*h + 48. Determine y(2).
0
Let a(r) = -48*r**3 + 2064*r**2 - 477*r + 20507. Give a(43).
-4
Let n(d) = -78*d**3 + 7*d**2 + 103*d + 186. Give n(-2).
632
Let g(i) = 628*i - 6789. Calculate g(11).
119
Let i(t) = t**3 - 29*t**2 + 177*t + 326. Determine i(11).
95
Let m(o) = -4647*o - 5. Calculate m(0).
-5
Let k(h) = 48702*h - 827833. Determine k(17).
101
Let p(g) = 7713*g + 73822. Give p(-10).
-3308
Let q(h) = -h**2 - 1266*h + 19226. Give q(15).
11
Let a(r) = 30*r**3 + 14303*r**2 - 3330*r + 4284. Determine a(-477).
-9
Let g(r) = 103*r**2 + 5668*r - 55. Determine g(-55).
-220
Let w(m) = 27222*m - 81788. Give w(3).
-122
Let k(a) = 3768*a - 11072. What is k(3)?
232
Let c(x) = 19*x**3 + 2*x**2 + 51*x + 194. What is c(-4)?
-1194
Let c(b) = 2*b**3 - 120*b**2 - 935*b + 215. What is c(67)?
416
Let u(z) = -z**3 - 235*z**2 + 1688*z - 1519. Give u(-242).
-67
Let l(h) = 15*h**2 + 2609*h + 2442. Give l(-173).
20
Let n(z) = -z**3 - 50*z**2 + 3596*z + 178410. Determine n(-49).
-195
Let d(t) = -t**2 - 920*t - 12760. Determine d(-14).
-76
Let p(s) = -2*s**2 + 404*s - 15558. Determine p(52).
42
Let i(l) = -74*l + 4865. Give i(69).
-241
Let s(c) = -2*c**3 - 32*c**2 - 299*c - 799. What is s(-4)?
13
Let n(a) = -344*a + 4497. Calculate n(13).
25
Let u(f) = -3*f**3 + 639*f**2 - 740*f + 21962. What is u(212)?
-86
Let r(j) = 48*j**2 + 202*j + 125. Determine r(-4).
85
Let l(m) = 8*m**2 + 1012*m + 1717. Determine l(-123).
-1727
Let x(p) = 2*p**3 - 35*p**2 - 25*p + 76. Determine x(9).
-1526
Let p(q) = 83*q + 1314. Calculate p(-15).
69
Let r(q) = 942705*q - 67874755. What is r(72)?
5
Let r(c) = -113461*c - 2155735. What is r(-19)?
24
Let t(p) = -3108*p - 24821. Give t(-8).
43
Let i(g) = 2*g**3 - 143*g**2 + 217*g - 20802. What is i(72)?
6
Let b(p) = p**2 + 1409*p + 82110. What is b(-61)?
-118
Let n(f) = f**3 + 5984*f + 42245. What is n(-7)?
14
Let z(w) = -104*w + 2640. Determine z(47).
-2248
Let g(x) = -10*x**2 + 119729*x + 478929. What is g(-4)?
-147
Let c(b) = -281*b - 19761. What is c(-70)?
-91
Let m(h) = 43*h**2 + 4370*h - 1628. What is m(-102)?
4
Let f(s) = -129*s - 15484. Give f(-124).
512
Let t(l) = 128766*l + 1802716. Calculate t(-14).
-8
Let w(z) = 47894*z + 527022. What is w(-11)?
188
Let k(d) = -2*d**3 + 14*d**2 - 10267*d + 51225. Determine k(5).
-10
Let t(n) = -n**3 + 28*n**2 + 21*n + 385. What is t(29)?
153
Let v(u) = -1020*u - 7125. Calculate v(-7).
15
Let t(p) = -134*p**3 + 811*p**2 - 50*p + 56. What is t(6)?
8
Let w(f) = 5*f**3 - 71*f**2 + 239*f + 435. What is w(5)?
480
Let i(w) = -2844*w - 150663. What is i(-53)?
69
Let z(p) = 2*p**3 - 60*p**2 + 476*p - 1120. Calculate z(19).
-18
Let m(n) = -7887*n + 425835. Calculate m(54).
-63
Let q(n) = -14*n**3 + 31*n**2 + 42*n - 6. What is q(3)?
21
Let n(u) = -9*u**2 - 261*u + 20. Give n(-31).
-538
Let c(h) = -79*h**2 + 662*h + 5976. Calculate c(-9).
-6381
Let g(w) = -3*w**3 + 158*w**2 + 34*w + 1008. What is g(53)?
1
Let w(z) = 1256*z - 12585. Give w(10).
-25
Let f(z) = -2*z**2 + 167*z + 3397. Determine f(-17).
-20
Let a(h) = -2031468*h + 16251749. Give a(8).
5
Let s(n) = -n**3 - 192*n**2 - 5968*n - 49. Calculate s(-39).
-10
Let k(b) = b**2 + 1909*b - 36621. Calculate k(19).
11
Let x(n) = -n**3 + 111*n**2 + 212*n - 6576. What is x(7)?
4
Let h(b) = -22727*b + 68128. Give h(3).
-53
Let a(q) = -q**2 + 712*q - 52887. Calculate a(84).
-135
Let l(z) = 5051*z - 85741. Calculate l(17).
126
Let k(t) = -t**3 + 135*t**2 + 1556*t - 210038. Give k(135).
22
Let t(c) = 3*c**2 - 411*c + 6799. Give t(118).
73
Let l(t) = -2*t**2 + 335*t + 3968. Calculate l(-11).
41
Let h(y) = -4786*y + 272831. Calculate h(57).
29
Let h(f) = -174*f - 68. Give h(-5).
802
Let y(f) = -2*f**3 - 230*f**2 + 5090*f - 268. Calculate y(-134).
0
Let z(o) = -52*o**2 - 1403*o + 30. Give z(-27).
3
Let l(y) = 460*y - 5966. What is l(13)?
14
Let n(z) = 21969*z - 131783. What is n(6)?
31
Let i(v) = -44*v**3 - 838*v**2 - 60*v - 357. Give i(-19).
61
Let n(m) = -3*m**3 - 9*m**2 - 37*m - 84. Calculate n(-3).
27
Let m(v) = -9507*v - 1036260. Calculate m(-109).
3
Let r(q) = 945*q - 617082. Give r(653).
3
Let z(a) = -6*a**3 + 965*a**2 + 152*a + 1395. Give z(161).
-54
Let j(p) = -82*p**2 + 5*p + 748. Calculate j(3).
25
Let m(p) = 2014*p + 382878. Determine m(-190).
218
Let f(m) = 2*m**3 + 316*m**2 + 2137*m + 2432. Determine f(-151).
-1041
Let p(g) = 86*g**2 + 2049*g + 1633. Calculate p(-23).
0
Let v(i) = 3*i**2 - 15*i - 150. What is v(-13)?
552
Let g(h) = -6229*h + 49826. Calculate g(8).
-6
Let g(m) = -1773*m + 46270. What is g(26)?
172
Let l(o) = -o**3 - 68*o**2 - 81*o - 945. What is l(-67)?
-7
Let w(r) = 2589*r + 538517. What is w(-208)?
5
Let g(w) = 203*w - 5896. Give g(29).
-9
Let n(r) = 54*r**2 - 402*r - 461. Give n(-1).
-5
Let t(h) = 264*h + 737. Give t(-4).
-319
Let c(g) = 171*g + 7635. What is c(-45)?
-60
Let g(b) = 88*b**2 + 91*b - 448. What is g(4)?
1324
Let r(l) = -3*l**3 + 52*l**2 - 125*l - 933. Calculate r(9).
-33
Let j(v) = -1234*v + 102456. Give j(83).
34
Let r(x) = -210*x**2 + 11551*x - 71. Determine r(55).
-16
Let w(p) = 2*p**3 - 28*p**2 - 2242*p + 29392. Calculate w(13).
-92
Let n(h) = 2842*h**2 + 17050*h - 12. Determine n(-6).
0
Let o(r) = 13254*r + 92780. Calculate o(-7).
2
Let m(u) = -u**2 - 1426*u + 34711. Give m(24).
-89
Let a(j) = -36*j**3 - 41*j**2 - 6*j - 4. What is a(-4)?
1668
Let i(x) = -130*x + 6089. What is i(45)?
239
Let q(c) = -c**3 - 235*c**2 - 3897*c + 715. Give q(-217).
-1238
Let o(u) = -7*u**2 - 4910*u - 95395. What is o(-20)?
5
Let b(f) = 378*f + 35100. Give b(-93).
-54
Let a(i) = 423*i - 107400. What is a(254)?
42
Let n(k) = 6*k**2 - 1740*k - 57595. What is n(320)?
5
Let o(u) = 951*u - 11075. Calculate o(16).
4141
Let z(p) = 735*p**3 + 126*p + 125. What is z(-1)?
-736
Let y(z) = -z**3 - 4*z**2 - 22*z - 51. Calculate y(-9).
552
Let n(v) = 1255*v + 441772. Give n(-352).
12
Let n(b) = 9*b + 444. Give n(-9).
363
Let u(a) = a**3 + 24*a**2 - 2067*a + 4. Give u(35).
-66
Let x(m) = 25*m**2 + 7051*m + 278. Determine x(-282).
-4
Let s(o) = 3*o**3 - 54*o**2 + 87*o - 594. Give s(17).
18
Let f(d) = -12*d**2 - 4397*d - 10641. Give f(-364).
-85
Let m(t) = 15*t**2 + 316*t - 1459. Determine m(4).
45
Let y(r) = -37025*r - 5183513. What is y(-140)?
-13
Let w(f) = 1923*f + 3781. What is w(-2)?
-65
Let g(v) = 136*v + 522. Calculate g(-3).
114
Let t(o) = o**3 - 22*o**2 - 160*o + 1285. Determine t(27).
610
Let w(o) = 7*o**2 + 413*o + 104. Determine w(-58).
-302
Let l(i) = -98*i - 75078. What is l(-772)?
578
Let l(i) = 4*i**2 + 410*i - 4064. Determine l(9).
-50
Let q(b) = -8802*b + 2543768. What is q(289)?
-10
Let l(r) = -r**3 - 28*r**2 + 24*r + 547. Determine l(-26).
-1429
Let x(n) = n**2 + 53114*n - 3350152. Calculate x(63).
-1
Let a(b) = -116318*b - 2093764. Determine a(-18).
-40
Let g(q) = 153*q**2 + 7352*q + 100. Determine g(-48).
-284
Let p(o) = o**3 + 617*o**2 - 3092*o + 11204. What is p(-622)?
8
Let w(k) = 115*k - 5900. What is w(44)?
-840
Let c(u) = -u**2 + 96*u + 117407. What is c(-298)?
-5
Let x(v) = 4*v**3 + 218*v**2 + 81*v - 1409. Calculate x(-54).
49
Let n(q) = q**2 - 480*q - 6014. Determine n(492).
-110
Let y(t) = t**3 + 15*t**2 - 149*t + 35. Determine y(-23).
-770
Let j(p) = -179409*p - 1076465. What is j(-6)?
-11
Let k(d) = 245*d - 1254. Determine k(-5).
-2479
Let y(j) = -j**2 + 292*j - 8592. Give y(33).
-45
Let g(h) = -27*h**3 - 387*h**2 - 1913*h + 8. Calculate g(-5).
3273
Let v(o) = -27209*o - 136034. What is v(-5)?
11
Let s(o) = 2*o**3 + 36*o**2 - 443*o - 7978. Give s(-17).
131
Let t(r) = -7*r**3 - 84*r**2 - 29*r - 339. What is t(-12)?
9
Let d(f) = 7849*f - 6